**2 - 1. Calculate the remainder when z(1) is divided by 12.
11
Let a be -2*3/(-6) - -1. Suppose 5*c - 14 = -i, -4 = -a*i - 4*c - 0. Calculate the remainder when -12*(-6)/(-27)*i is divided by 9.
7
Let y = 90 - 47. What is the remainder when y is divided by 15?
13
Let y(v) = -2*v - 6. Let u be y(-4). Suppose 3*f = 5*z + 65, -u*f + 0*f - z = -26. Calculate the remainder when 87 is divided by f.
12
Let h be (2 - (-33)/(-9))*-3. Calculate the remainder when 14 is divided by h*4/((-80)/(-12)).
2
Let k(w) be the third derivative of -w**4/24 + w**3/2 - 2*w**2. Suppose -3*o + 9 = 5*c, 4*o + 0 + 2 = -2*c. Calculate the remainder when k(-5) is divided by c.
2
Let v(f) = -4*f - 11. What is the remainder when 72 is divided by v(-9)?
22
Let u = 17 - 10. What is the remainder when 19 is divided by u?
5
What is the remainder when 34 is divided by -3 - (-5 + 2) - -7?
6
Let r(o) = o**3 - 3*o**2 - o - 1. Let q(l) = -2*l - 7. Let d be q(-5). Suppose d*n + 34 = 97. What is the remainder when n is divided by r(4)?
10
Suppose -2*y + 25 = 3*y. Suppose 1 - 21 = -2*v - y*j, 2*j = 4. Calculate the remainder when v is divided by 2.
1
Let h(j) = -j**2 + 18*j - 17. Calculate the remainder when h(14) is divided by 9.
3
Suppose d - v - 82 = 0, 0 = -4*d - 0*v - v + 353. Calculate the remainder when d is divided by 15.
12
Let x be ((-3)/(-9))/((-4)/(-48)). Suppose x*f + 6 - 178 = 0. Calculate the remainder when f is divided by 15.
13
Suppose 0*r - 3 = -3*r. Let i(c) = -c + 4. Let o be i(0). Let w = 5 - o. What is the remainder when w is divided by r?
0
Suppose 2*q + 10 + 2 = 4*z, 0 = q - z + 1. Suppose 0 = -3*o + 5*l + 53, o + 3*o = -5*l + 24. Calculate the remainder when o is divided by q.
3
Let b = -11 + 24. Suppose -2*c = -85 + 11. Calculate the remainder when c is divided by b.
11
Let s = -10 - -28. Let o(d) = d**2 + 3*d - 3. Calculate the remainder when s is divided by o(-5).
4
Let g = 26 - 16. Suppose 0 = 4*t - g - 14. Calculate the remainder when 117/7 - 2/(-7) is divided by t.
5
Calculate the remainder when 54 is divided by (-2)/((-7)/((-399)/6)*-1).
16
Let x = 124 + -71. Let m = x + -24. Calculate the remainder when 85 is divided by m.
27
Let j be (-1)/3 + (-80)/(-15). Suppose -5*r + 95 = -j*q + q, 5*r - q - 80 = 0. What is the remainder when r is divided by (-31)/(-4) + 4/16?
7
Suppose u + 0 + 8 = c, -3*c + 5*u + 22 = 0. Calculate the remainder when 79 is divided by c.
7
Suppose -n + 10 = w, 5*n - 26 = 6*w - 3*w. What is the remainder when 24 is divided by n?
3
Let q(j) = -3*j + 38. What is the remainder when 31 is divided by q(6)?
11
Let o be (-1 - -1)*(-3)/6. Let u(q) = q**2 + 19. What is the remainder when u(o) is divided by 10?
9
Let n be ((-9)/(-3))/((-9)/(-6)). Let m(l) = -l + 12. Let s be m(5). Suppose -70 = n*k - s*k. What is the remainder when 26 is divided by k?
12
Let d(a) = -6*a - 5. Suppose 3*h = 59 - 17. What is the remainder when d(-5) is divided by h?
11
Suppose -u - b = -3*b - 16, -2*b = -4*u + 34. What is the remainder when 23 is divided by u?
5
Suppose -2*w - 2*w + 58 = -2*v, -4*v - 68 = -4*w. Calculate the remainder when 23 is divided by w.
11
Suppose 0 = i - 5*i - y + 358, 5*i + y = 448. Let b = i - 63. Calculate the remainder when 78 is divided by b.
24
Let p = 223 - 134. Suppose 0 = 3*h - 4*u - p, -4*h + u - 133 = -9*h. What is the remainder when h is divided by 7?
6
Let t(j) = -j**2 + 12*j - 15. Calculate the remainder when t(8) is divided by 11.
6
Let j(l) = 4*l - 5. Suppose -2*s = 2*s + 4. What is the remainder when s/(-2 + 1) - -18 is divided by j(4)?
8
Suppose -4*b = -4*d + 4, 20 = -b + 4*d + 4. Let r = b - -7. Calculate the remainder when r is divided by 7.
4
Suppose 10 = -2*y - 3*y. Calculate the remainder when y + 19 - 3/1 is divided by 8.
6
Suppose 0 = 5*g - 2*q - 70, -3*q = -3*g - 2*g + 70. Calculate the remainder when 63 is divided by g.
7
Suppose -2*i = -5*i + 4*s + 367, -3*i + 331 = 5*s. Calculate the remainder when i is divided by 30.
27
Let w(f) = f**2 + 3. Let g be w(0). Suppose -1 + g = b. Suppose -b*r - 3*s - 27 = -3*r, 0 = 2*s + 8. What is the remainder when 28 is divided by r?
13
Suppose -2*d - 3*v - 4 = -d, 5*d - 13 = -4*v. What is the remainder when 13 is divided by d?
3
Let z = -14 + 16. What is the remainder when 6 is divided by z?
0
Let x(u) = -u**3 + 5*u**2 - u + 2. Let k be x(4). Let v = 23 - k. Calculate the remainder when (-13*2 + 1)*(-12)/12 is divided by v.
7
What is the remainder when 3 is divided by ((-15)/5)/((-2)/2)?
0
Suppose 0 = -k - 5*f + 7 - 25, 10 = -5*k - 5*f. Suppose p - 2*p + 4 = 0. Calculate the remainder when (-3)/k*(-60)/9 is divided by p.
2
Suppose -5*f + 5 = -n - 0, f - 19 = -n. Calculate the remainder when 29 is divided by n.
14
Suppose -4*d = d - 300. Suppose -d = -7*q + 2*q. What is the remainder when q is divided by 7?
5
What is the remainder when -1*(3 - 0)*150/(-6) is divided by 27?
21
Let n = -56 - -89. Suppose 4 + 26 = 3*d. Let j = n - d. What is the remainder when j is divided by 8?
7
Let f be 1/5 + 18/10. Calculate the remainder when 30 is divided by (f/1)/(5/40).
14
Let g be (-15)/(-2) - 2/4. Let j = -5 + g. Calculate the remainder when j is divided by 1.
0
Let j = 4 + 0. Suppose 4*u - 8 = -4*r, -5*r - 8 = 3*u - j. Calculate the remainder when 18 is divided by u.
4
Suppose 5*j + 187 = 2*n, -5*n = 2*j - 696 + 272. Let w = n + -49. Suppose -9 = -2*y + w. What is the remainder when y is divided by 8?
7
Suppose 6 = 2*m + 4*h, -15 = 3*h + 2*h. Calculate the remainder when 43 is divided by m.
7
Suppose 0 = -4*m - 3*o + 18 - 4, 5*o = 10. Suppose 3*z = -5*f + 58 - 21, -4 = -m*f. Calculate the remainder when 33 is divided by z.
6
Let h = -9 - -2. Let c = h + 7. Suppose q + c*q - 4 = 0. Calculate the remainder when q is divided by 2.
0
Suppose 16 = -d + 5*d. Calculate the remainder when (9/27)/((-2)/(-48)*1) is divided by d.
0
Let b be -1*1/(2/34). Let q = -13 - b. Calculate the remainder when 9 is divided by q.
1
Suppose -5*j + 47 = -53. What is the remainder when 37 is divided by j?
17
Suppose 7*x - 1 = 5*x - n, -2*x + 2*n + 10 = 0. Let d = -2 + x. Suppose 5*m + 7 - 47 = d. Calculate the remainder when m is divided by 3.
2
Let u(c) = -c**3 + 7*c**2 - 8*c + 8. Let k be u(6). Let v = -1 - k. Suppose v*j = -3 + 27. What is the remainder when j is divided by 3?
2
Suppose 6*w = 5*w + 52. Let z = 12 + -8. Suppose m + z*m - 100 = 2*i, -3*m + 5*i = -79. Calculate the remainder when w is divided by m.
16
Let q(t) = t**2 + 4*t - 3. Let k be q(-5). Suppose -k*i - z + 3 = -4*i, i - 4*z = -12. What is the remainder when 25 is divided by 8/(-4) - (i + -11)?
7
Suppose -4*c - 34 = -3*n, -2*c - 14 + 60 = 2*n. Suppose 0*d - 4*d = -40. What is the remainder when n is divided by d?
8
Suppose 22 = h - r, 2*h + 4*r - 7 = 25. What is the remainder when 56 is divided by h?
16
Suppose 6 + 6 = 3*m. Let s(v) = -v**2 - 7*v + 7. Let f be s(-7). Suppose f*u = 3*u + 28. Calculate the remainder when u is divided by m.
3
Suppose 3*u - 5 = -u + 3*d, -2*u + 5 = -d. Let v = 18 - 4. Calculate the remainder when v is divided by u.
4
What is the remainder when 117 is divided by 2/8 + 1045/44?
21
What is the remainder when 60 + (-1 + 3/(-6))*2 is divided by 15?
12
Let u = 10 + -28. What is the remainder when -7*u*2/14 is divided by 10?
8
Suppose 0 = 2*i - 44 - 16. What is the remainder when i is divided by 16?
14
What is the remainder when (-2)/(1 - (-28)/(-27)) is divided by 19?
16
Suppose -5 - 5 = -5*q. Calculate the remainder when 2 is divided by q.
0
Let x(y) = y - 3. What is the remainder when x(10) is divided by 5?
2
Suppose 3*x - x = -48. Let s = -22 - x. Calculate the remainder when 3 is divided by s.
1
Let c(g) = -g**2 + 15*g - 6. What is the remainder when 57 is divided by c(13)?
17
Suppose -52 = -5*c - 3*g + g, 5*g - 25 = -2*c. Suppose 3*a + 2*a = -2*x + 21, 0 = 2*a + 4*x - 18. Calculate the remainder when c is divided by a.
1
Let n(r) = r**2 + r + 10. Let f be n(0). Suppose -o + f + 3 = 0. What is the remainder when 37 is divided by o?
11
Calculate the remainder when 28 is divided by (-8 - (-6 + 2)) + 10.
4
Let l = -20 + 11. Calculate the remainder when 21 is divided by (40/15)/((-2)/l).
9
Let x(n) = n + 14. Let v be x(10). Suppose 0*q = -3*q + v. Suppose 3*t = -32 + 101. What is the remainder when t is divided by 